 7 - q**2. Let f be c(-5). Let o be w(f). Let l(d) = -d**3 - 3*d**2 + 2. Give l(o).
-2
Let s(r) = -r**2 + 3*r + 4. Let g be (6/((-27)/(-9)))/((-2)/(-4)). Determine s(g).
0
Let t(v) be the second derivative of v**6/120 + v**5/60 - v**4/24 + 2*v**3/3 + 3*v. Let l(x) be the second derivative of t(x). Determine l(-2).
7
Let h(r) = r**2 + 6*r + 6. Let l(f) = -f**3 + 5*f**2 + 5*f + 6. Let z be l(6). Let u(d) = -d**2 - d - 4. Let i be u(z). Determine h(i).
-2
Let y(i) be the third derivative of -i**7/2520 - 7*i**6/720 - i**5/24 - i**4/6 - 6*i**2. Let t(h) be the second derivative of y(h). Give t(-4).
7
Let t(h) be the first derivative of -h**6/360 - h**5/30 - h**4/12 + 5*h**3/3 + 1. Let m(q) be the third derivative of t(q). Determine m(-5).
-7
Let v(t) be the first derivative of -t**4/4 + 2*t**3/3 + t**2 + 2*t - 18. Give v(4).
-22
Suppose -c = -p - p - 11, 3*p = 4*c - 29. Suppose 4*h - 3*h - 6 = 0. Let x(g) = 0*g + h*g - 5*g**2 - 3*g - g + g**3 - 6. Calculate x(c).
4
Suppose -j - 3*h + 3 = 2, 0 = -2*j - 2*h + 10. Let f(i) = -i**2 + 7*i - 6. Give f(j).
-6
Let j be 0 - -2 - 0/(-1). Suppose 2*q + 6 = -j. Let m(b) be the first derivative of -b**4/4 - b**3 + 3*b**2/2 - 5*b - 1. Give m(q).
-1
Suppose 0 = -4*d - d + 45. Suppose -d = -2*f - f. Let q(w) = f*w - 1 + w + 2*w. Determine q(-1).
-7
Let h be (1/2)/(2/48). Suppose 0*q + 4*q + h = 0. Let f(p) = 3*p. Give f(q).
-9
Let n = 8 - 13. Let t(d) = -d**2 + 8*d + 4. Let s be t(8). Let q(j) = 2*j + 7 + s - 5. Determine q(n).
-4
Let a(l) = 4*l**2. Let p(d) = 6*d - 5. Let v be p(1). What is a(v)?
4
Let b(m) = m**3 + 4 + 0*m**3 + 5*m**2 + 0 + 2*m + 5*m. Calculate b(-4).
-8
Let q(u) = 3*u + 2. Let d(h) be the first derivative of h**4/4 - 2*h**3 - 3*h**2 - 10*h + 1. Let o be d(7). Calculate q(o).
-7
Let c(g) = -g**2 + g + 1. Let n(v) = 5*v**2 - 15*v - 17. Let a(t) = -6*c(t) - n(t). Give a(-9).
11
Let m(o) = 2*o**3 + o**2 - o + 1. Let l be m(1). Let s(u) = 6 - 18*u**3 - u**2 + 7*u**2 - 6*u - 3 + 17*u**l. Determine s(5).
-2
Let o(h) be the first derivative of h**3/3 - 9*h**2/2 + 7*h - 28. Determine o(9).
7
Let z(y) = 76*y + 0 - 75*y + 11. Calculate z(-5).
6
Let p = -26 - -43. Let g = 10 - p. Let m(h) = h**2 + 6*h - 6. Let a be m(g). Let w(i) = -7*i - 1. Determine w(a).
-8
Let y(n) = -2*n**3 + 17*n**2 - 2*n - 11. Let i(l) = -l**3 + 9*l**2 - l - 6. Let r(z) = -11*i(z) + 6*y(z). What is r(3)?
-3
Suppose 9*z = 4*z - 5*b - 30, 5*b + 24 = -2*z. Let d(l) = -l**3 - l**2 + l - 1. Calculate d(z).
1
Let w(h) = 4*h**2 + 5*h - 2. Let p(j) = -5*j**2 - 6*j + 2. Let r(q) = -5*p(q) - 6*w(q). Give r(-4).
18
Let g = 19 + -17. Let b(m) = 32 - 30 + m**2 + g*m**3 - 4*m**3 - 2*m. Determine b(2).
-14
Let w be 2*3*(-5)/10. Let q(i) = i**2 + i. Let h(r) = -6*r**2 - 5*r + 2. Let l(y) = h(y) + 5*q(y). What is l(w)?
-7
Let a be (27/(-18))/(2/8). Let t(k) = -6*k - 24. Let q(g) = 2*g + 8. Let n(f) = -14*q(f) - 5*t(f). Determine n(a).
-4
Let z(p) be the third derivative of p**5/60 + p**4/8 + p**3/3 - 3*p**2. What is z(-3)?
2
Let y(s) be the second derivative of -s**5/10 - s**3/3 + s**2/2 - s. Let f(u) = u. Let o be f(1). What is y(o)?
-3
Let i(m) = m - 1. Let k be -3 + 8 + -2 + -2 + -1. Calculate i(k).
-1
Let u(d) = 5*d**2 + d - 2. Let j(b) = -4*b**2 - b + 1. Let t(y) = -6*j(y) - 5*u(y). Let k be (-490)/(-25) + 4/10. Suppose 6*p - p - k = 0. Calculate t(p).
-8
Suppose -4 = 2*t + 4*i, 0 = 8*t - 4*t - 3*i - 25. Let k(x) = -x**2 + 4*x - 6. What is k(t)?
-6
Suppose -6 = -3*w - 0*w. Let r(y) = 6 - 4 + w*y - y**3 - 5*y**2 + y**3 - y**3. Determine r(-5).
-8
Let o(t) = -2*t - 8. Let p(u) = 8*u + 33. Let x(a) = 9*o(a) + 2*p(a). Let k(f) = 5*f**3 - f. Let g be k(-1). Determine x(g).
2
Let j(r) = r**2 - 7*r - 7. Let v be j(7). Let y = -4 - v. Let o(b) = -1 + 7 - 2 - 2*b. Calculate o(y).
-2
Let f(t) = -7*t**2 - 3*t - 10. Let v(q) = -6*q**2 - 2*q - 9. Let g(m) = -5*f(m) + 6*v(m). Determine g(3).
-4
Let u(f) be the second derivative of -f**5/20 - f**4/6 - f**3/2 - f**2 - 2*f. Let t be u(-2). Let n(o) = 5 - 2*o + 2*o - o**2 + 3*o. What is n(t)?
1
Let k(c) be the third derivative of c**5/120 - 5*c**4/24 - c**3/6 - 4*c**2. Let d(j) be the first derivative of k(j). Let t = -2 - -2. Give d(t).
-5
Let c(k) = 14*k**3 + 0 - 2*k + 6*k**2 - 6*k**3 - 4 - 7*k**3. What is c(-6)?
8
Let t(x) be the first derivative of x + 3/2*x**2 - 3. What is t(1)?
4
Suppose 3*h = -c - 17, 4*c + 9 = -3*h - 14. Let w(o) = o**3 - 3*o**2 + 7*o**2 + 2 - 3*o**2 - o. What is w(c)?
0
Let j(r) = 5*r**2 + 11*r - 13. Let w(m) = 2*m**2 + 5*m - 6. Let u(t) = 3*j(t) - 7*w(t). Let d = 81 + -78. Calculate u(d).
6
Let q(h) = -2*h**3 - h**2 + h. Let i = -43 + 45. Determine q(i).
-18
Let q(c) = 14*c**2 - 1 - 3*c**3 + 6*c + 2*c**3 - 4*c - 9*c**2. Give q(5).
9
Let f(s) be the first derivative of s**2/2 - 12*s + 39. Give f(14).
2
Suppose -3*f - 10 = 2*f - 4*w, 4*w = -5*f - 50. Let t(q) = q**2 + 6*q + 1. Give t(f).
1
Let r(k) = 3*k + 0 + 3 + 3. Suppose -56 + 16 = 10*d. Calculate r(d).
-6
Let f(d) = -2*d**3 + d**2 - 1. Let w be 9 - (-8)/12*3. Let u = -12 + w. Give f(u).
2
Let p(j) = j**3 + 10*j**2 + 12*j + 13. Let w be ((-11)/(-22))/(1/(-18)*1). Give p(w).
-14
Let t(x) be the second derivative of -x**5/20 + x**4/4 + x**3 - x**2/2 - 7*x - 4. Let c(a) = a + 4. Let g be c(0). Calculate t(g).
7
Let j(a) be the third derivative of -a**6/120 + a**4/8 + a**3/6 - a**2. Suppose -3*v - 5 = 2*v + 5*y, 0 = -4*v + 4*y - 4. Let x be (-18)/3 + v + 5. Give j(x).
3
Suppose 3*i + 2 - 5 = 0. Let y(j) = 18*j - 1. Determine y(i).
17
Let q(t) = -7*t + 3. Let y(h) = -6*h + 3. Let w(b) = -5*q(b) + 6*y(b). Let r = 3 - 1. Let c be (2/2 - r)*0. Calculate w(c).
3
Let g be 0*(-2)/(-8)*1. Let i(a) = -5*a**3 - 6*a - 20. Let s(j) = -j**3 - j - 4. Let x = -14 - -25. Let z(h) = x*s(h) - 2*i(h). Determine z(g).
-4
Let n(z) = 2*z - 3*z + 2*z. Let v be (72/4)/3 + -3 + 0. Determine n(v).
3
Let j(t) = t**2 + 4*t + 3. Let h(r) = 3*r**2 + 8*r + 7. Let l(v) = 2*h(v) - 5*j(v). What is l(5)?
4
Let l(t) = 3*t + 7. Let z(u) = 4*u + 10. Let k(g) = 7*l(g) - 5*z(g). Calculate k(7).
6
Let n(r) be the third derivative of r**4/24 + r**3/3 + 4*r**2. Let j(z) = z + 5. Let s be j(-7). Determine n(s).
0
Let z = -22 + 24. Let m(d) = 6*d - 1. What is m(z)?
11
Let t(j) = 8*j + 1. Let v be (-1)/(-3)*0 + 1. What is t(v)?
9
Let o(a) be the first derivative of -a**2 + 4. Calculate o(1).
-2
Let a(z) be the first derivative of z**2/2 + 6*z - 15. Give a(5).
11
Let u be 2/2 - (3 + -5). Let h(b) = 0*b + b + 2*b**3 - u*b**3 - 3*b**2 + 2*b - 1. What is h(-4)?
3
Suppose 4*z - 12 = -44. Let b = z - -13. Let l(q) = q**3 - 5*q**2 + 2. Give l(b).
2
Let r(x) = -6*x + 5*x + 0*x. Let b be ((-2)/2)/(1 - 2). Let z be -5 + ((-3)/(-1) - b). Calculate r(z).
3
Suppose -8*h = -5*h - 3. Let y(c) = -8*c - 3*c - h + c. What is y(1)?
-11
Suppose 17 = 5*z + 2. Let n(x) = x**3 - 3*x**2 + x. Give n(z).
3
Let u be 24/9 + 2/(-3). Let y(c) be the third derivative of -c**6/360 - c**5/60 - c**4/24 + 3*c**2. Let d(b) be the second derivative of y(b). Give d(u).
-6
Let r be (6/(-4))/(1/2). Let s be 2 - 1/((-2)/(-4)). Let n be s + r/(-6)*4. Let l(i) = -6*i + 2. Give l(n).
-10
Let x(l) = 6*l**2 + 2*l + 1. Suppose -2*u = -4*o - 4, -u - u - 3*o = 3. Suppose 3*t - 2*t = u. Suppose 3*q + 5 - 2 = t. What is x(q)?
5
Let n(h) = -2*h + 6. Let p(u) = u**3 + u. Let a be p(0). Let l = 5 - a. What is n(l)?
-4
Let a(c) be the second derivative of 13*c**5/20 + c**4/12 + c**3/6 - c**2/2 - 3*c. Give a(1).
14
Let d(p) = p - 7. Let f be 18*3/18*2. Let k = -3 + f. What is d(k)?
-4
Let i = -15 + 18. Let y(n) = -2 + 5 - 2 - i - 2*n. What is y(3)?
-8
Let i(k) = -2*k + 2. Let b(y) = -y + 1. Let x(a) = 4*b(a) - i(a). Let r(c) = -c**2 - 7*c - 4. Let w be r(-6). Give x(w).
-2
Suppose 2*h + 7 = 5. Let j = -4 + h. Let m(l) = -2*l - 4. Give m(j).
6
Let y(b) = b + 9. Let d(m) = 2*m + 13. Let a(x) = -5*d(x) + 7*y(x). Let j = -34 - -31. What is a(j)?
7
Let f(p) = -p**2 - 5*p - 1. Let y(z) be the first derivative of z**4/4 + 4*z**3/3 - 3*z**2/2 + 6*z + 7. Let r be y(-5). Give f(r).
3
Let i(f) = 13*f**3 - 43*f**2 + 30*f - 13. Let j(t) = -7*t**3 + 22*t**2 - 15*t + 7. Let k(c) = -6*i(c) - 11*j(c). Give k(15).
1
Let y be 2/((-3)/(66/(-4))). Let g(s) = s**2 + 5*s + 4. Let t be g(-5). Suppose 5*u = -4*m - y, -4*m - 9 + 1 = t*u. Let v(b) = 6*b. Calc